{"id":258,"date":"2025-07-24T13:52:30","date_gmt":"2025-07-24T10:52:30","guid":{"rendered":"https:\/\/eakl.ee\/?page_id=258"},"modified":"2026-01-29T13:17:04","modified_gmt":"2026-01-29T11:17:04","slug":"konverentsikeskus","status":"publish","type":"page","link":"https:\/\/eakl.ee\/ru\/konverentsikeskus\/","title":{"rendered":"\u041a\u043e\u043d\u0444\u0435\u0440\u0435\u043d\u0446 \u0446\u0435\u043d\u0442\u0440"},"content":{"rendered":"<div class=\"bde-globalblock-258-100 bde-globalblock\"><style>.breakdance .bde-section-159-100-159-1{background-image:url(https:\/\/eakl.ee\/wp-content\/uploads\/2025\/09\/konverents.jpg)}.breakdance .bde-section-159-100-159-1>.section-background-overlay{background-color:#420513A1;transition:background-color var(--bde-transition-duration) ease-in-out}<\/style><section id=\"page-banner\" class=\"bde-section-159-100-159-1 bde-section page-banner bde-section-159-100\">\n              \n  \n  \n\t\n\n  <div class=\"section-background-overlay\"><\/div>\n\n\n<div class=\"section-container\"><h2 class=\"bde-heading-159-103-159-1 bde-heading bde-heading-159-103\">\nKonverentsikeskus\n<\/h2><\/div>\n<\/section><\/div><section class=\"bde-section-258-101 bde-section\">\n  \n  \n\t\n\n\n\n<div class=\"section-container\"><h4 class=\"bde-heading-258-102 bde-heading\">\nEAKLi konverentsikeskuses on \u202fkaasaegsed ja kergesti kohandatavad ruumid\n<\/h4><div class=\"bde-rich-text-258-116 bde-rich-text breakdance-rich-text-styles\">\n<p><span data-contrast=\"auto\">Otsid kaasaegset ja mugavalt ligip\u00e4\u00e4setavat kohta konverentsiks, seminariks v\u00f5i koolituseks? Tallinna kesklinnas, vaid m\u00f5neminutise jalutusk\u00e4igu kaugusel Kadriorust asub Ameti\u00fchingute Keskliidu konverentsikeskus, mis on ideaalne paik \u00fcrituste korraldamiseks.<\/span><span data-ccp-props=\"{&quot;201341983&quot;:0,&quot;335551550&quot;:6,&quot;335551620&quot;:6,&quot;335559739&quot;:0,&quot;335559740&quot;:360}\">\u00a0<\/span><\/p><p><span data-contrast=\"auto\">Keskuses on suur, kohandatav konverentsisaal t\u00f5lkekabiini, garderoobi ja avara eesruumiga, mis sobib suurep\u00e4raselt kohvi- ja l\u00f5unapausideks. Ruumid on varustatud kvaliteetse helis\u00fcsteemi, projektori, suure ekraani (2,4 m) ja WiFi-ga.<\/span><span data-ccp-props=\"{&quot;201341983&quot;:0,&quot;335551550&quot;:6,&quot;335551620&quot;:6,&quot;335559739&quot;:0,&quot;335559740&quot;:360}\">\u00a0<\/span><\/p><p><span data-contrast=\"auto\">Konverentsikeskus asub Tallinnas, Laulupeo 24 ning on h\u00e4sti ligip\u00e4\u00e4setav nii jalgsi, trammi kui bussiga. Maja ees on 15-kohaline tasuta parkla.\u00a0<\/span><span data-ccp-props=\"{&quot;201341983&quot;:0,&quot;335551550&quot;:6,&quot;335551620&quot;:6,&quot;335559739&quot;:0,&quot;335559740&quot;:360}\">\u00a0<\/span><\/p><p><b><span data-contrast=\"auto\">Broneeri ruumid oma \u00fcrituseks juba t\u00e4na:<\/span><\/b><span data-contrast=\"auto\">\u202f\u202f<\/span><a href=\"mailto:konverents@eakl.ee\"><span data-contrast=\"auto\">konverents@eakl.ee<\/span><\/a><span data-contrast=\"auto\">\u202f v\u00f5i +372 508 2821<\/span><\/p><h5>\u00a0<br \/>Ameti\u00fchingute Keskliidu konverentsikeskuse rentimine\u00a0<\/h5><p><strong>Suur saal<\/strong><span data-contrast=\"none\">\u202f <\/span><span data-contrast=\"auto\">(80 m\u00b2) mahutab laudadega 60 ja toolidega 70 inimest. Helikindla voldikseinaga saab saali kaheks eraldi ruumiks jagada.\u00a0 <\/span><span data-ccp-props=\"{&quot;201341983&quot;:0,&quot;335551550&quot;:6,&quot;335551620&quot;:6,&quot;335559739&quot;:0,&quot;335559740&quot;:360}\">\u00a0<\/span><\/p><p><b><span data-contrast=\"auto\">Maksumus <\/span><\/b><span data-contrast=\"auto\">\u202f(KM-ga) on ameti\u00fchingute liikmetele ja maja rentnikele 27, 94 eur tund v\u00f5i 173, 24 eur p\u00e4ev, mitteliikmetele 55, 89 eur tund v\u00f5i 340, 88 eur p\u00e4ev.<\/span><span data-ccp-props=\"{&quot;201341983&quot;:0,&quot;335551550&quot;:6,&quot;335551620&quot;:6,&quot;335559739&quot;:0,&quot;335559740&quot;:360}\">\u00a0<\/span><\/p><p>\u00a0<\/p><p><b><span data-contrast=\"none\">Pool suurest saalist <\/span><\/b><span data-contrast=\"none\">\u202f<\/span><span data-contrast=\"auto\">(40 m\u00b2 ) mahutab laudadega 30 ja toolidega 35 inimest. <\/span><span data-ccp-props=\"{&quot;201341983&quot;:0,&quot;335551550&quot;:6,&quot;335551620&quot;:6,&quot;335559739&quot;:0,&quot;335559740&quot;:360}\">\u00a0<\/span><\/p><p><b><span data-contrast=\"auto\">Maksumus <\/span><\/b><span data-contrast=\"auto\">\u202f(KM-ga) on ameti\u00fchingute liikmetele ja maja rentnikele 15, 65 eur tund v\u00f5i 83, 82 eur p\u00e4ev, mitteliikmetele 35, 77 eur tund v\u00f5i 178, 82 eur p\u00e4ev.<\/span><span data-ccp-props=\"{&quot;201341983&quot;:0,&quot;335551550&quot;:6,&quot;335551620&quot;:6,&quot;335559739&quot;:0,&quot;335559740&quot;:360}\">\u00a0<\/span><\/p><p>\u00a0<\/p><p><b><span data-contrast=\"none\">Renditingimused:<\/span><\/b><span data-ccp-props=\"{&quot;201341983&quot;:0,&quot;335551550&quot;:6,&quot;335551620&quot;:6,&quot;335559739&quot;:0,&quot;335559740&quot;:360}\">\u00a0<\/span><\/p><ul><li aria-setsize=\"-1\" data-leveltext=\"\u00b7\" data-font=\"Aptos\" data-listid=\"2\" data-list-defn-props=\"{&quot;335551671&quot;:0,&quot;335552541&quot;:1,&quot;335559685&quot;:765,&quot;335559991&quot;:405,&quot;469769226&quot;:&quot;Aptos&quot;,&quot;469769242&quot;:[8226],&quot;469777803&quot;:&quot;left&quot;,&quot;469777804&quot;:&quot;\u00b7&quot;,&quot;469777815&quot;:&quot;hybridMultilevel&quot;}\" data-aria-posinset=\"0\" data-aria-level=\"1\"><span data-contrast=\"auto\">Garderoobi, eesruumi ja t\u00f5lkekabiini kasutamine on hinnas.<\/span><span data-ccp-props=\"{&quot;201341983&quot;:0,&quot;335551550&quot;:6,&quot;335551620&quot;:6,&quot;335559739&quot;:0,&quot;335559740&quot;:360}\">\u00a0<\/span><\/li><\/ul><ul><li aria-setsize=\"-1\" data-leveltext=\"\u00b7\" data-font=\"Aptos\" data-listid=\"2\" data-list-defn-props=\"{&quot;335551671&quot;:0,&quot;335552541&quot;:1,&quot;335559685&quot;:765,&quot;335559991&quot;:405,&quot;469769226&quot;:&quot;Aptos&quot;,&quot;469769242&quot;:[8226],&quot;469777803&quot;:&quot;left&quot;,&quot;469777804&quot;:&quot;\u00b7&quot;,&quot;469777815&quot;:&quot;hybridMultilevel&quot;}\" data-aria-posinset=\"1\" data-aria-level=\"1\"><span data-contrast=\"auto\">Minimaalne broneeringu aeg on 2 tundi.<\/span><span data-ccp-props=\"{&quot;201341983&quot;:0,&quot;335551550&quot;:6,&quot;335551620&quot;:6,&quot;335559739&quot;:0,&quot;335559740&quot;:360}\">\u00a0<\/span><\/li><\/ul><ul><li aria-setsize=\"-1\" data-leveltext=\"\u00b7\" data-font=\"Aptos\" data-listid=\"2\" data-list-defn-props=\"{&quot;335551671&quot;:0,&quot;335552541&quot;:1,&quot;335559685&quot;:765,&quot;335559991&quot;:405,&quot;469769226&quot;:&quot;Aptos&quot;,&quot;469769242&quot;:[8226],&quot;469777803&quot;:&quot;left&quot;,&quot;469777804&quot;:&quot;\u00b7&quot;,&quot;469777815&quot;:&quot;hybridMultilevel&quot;}\" data-aria-posinset=\"2\" data-aria-level=\"1\"><span data-contrast=\"auto\">N\u00e4dalavahetusel lisandub maksumusele 10%.<\/span><span data-ccp-props=\"{&quot;201341983&quot;:0,&quot;335551550&quot;:6,&quot;335551620&quot;:6,&quot;335559739&quot;:0,&quot;335559740&quot;:360}\">\u00a0<\/span><\/li><\/ul><ul><li aria-setsize=\"-1\" data-leveltext=\"\u00b7\" data-font=\"Aptos\" data-listid=\"2\" data-list-defn-props=\"{&quot;335551671&quot;:0,&quot;335552541&quot;:1,&quot;335559685&quot;:765,&quot;335559991&quot;:405,&quot;469769226&quot;:&quot;Aptos&quot;,&quot;469769242&quot;:[8226],&quot;469777803&quot;:&quot;left&quot;,&quot;469777804&quot;:&quot;\u00b7&quot;,&quot;469777815&quot;:&quot;hybridMultilevel&quot;}\" data-aria-posinset=\"3\" data-aria-level=\"1\"><span data-contrast=\"auto\">Mitmep\u00e4evastele \u00fcritustele soodustust pole.<\/span><span data-ccp-props=\"{&quot;201341983&quot;:0,&quot;335551550&quot;:6,&quot;335551620&quot;:6,&quot;335559739&quot;:0,&quot;335559740&quot;:360}\">\u00a0<\/span><\/li><\/ul><ul><li aria-setsize=\"-1\" data-leveltext=\"\u00b7\" data-font=\"Aptos\" data-listid=\"2\" data-list-defn-props=\"{&quot;335551671&quot;:0,&quot;335552541&quot;:1,&quot;335559685&quot;:765,&quot;335559991&quot;:405,&quot;469769226&quot;:&quot;Aptos&quot;,&quot;469769242&quot;:[8226],&quot;469777803&quot;:&quot;left&quot;,&quot;469777804&quot;:&quot;\u00b7&quot;,&quot;469777815&quot;:&quot;hybridMultilevel&quot;}\" data-aria-posinset=\"4\" data-aria-level=\"1\"><span data-contrast=\"auto\">Broneeringu t\u00fchistamine on tasuta.<\/span><span data-ccp-props=\"{&quot;201341983&quot;:0,&quot;335551550&quot;:6,&quot;335551620&quot;:6,&quot;335559739&quot;:0,&quot;335559740&quot;:360}\">\u00a0<\/span><\/li><\/ul><p><span data-ccp-props=\"{&quot;201341983&quot;:0,&quot;335551550&quot;:6,&quot;335551620&quot;:6,&quot;335559739&quot;:0,&quot;335559740&quot;:360}\">\u00a0<\/span><\/p><p><b><span data-contrast=\"auto\">Broneeri ruumid oma \u00fcrituseks juba t\u00e4na:<\/span><\/b><span data-contrast=\"auto\">\u202f\u202f<\/span><a href=\"mailto:konverents@eakl.ee\"><span data-contrast=\"auto\">konverents@eakl.ee<\/span><\/a><span data-contrast=\"auto\">\u202f v\u00f5i +372 508 2821<\/span><\/p>\n<\/div><\/div>\n<\/section>","protected":false},"excerpt":{"rendered":"<p>Konverentsikeskus EAKLi konverentsikeskuses on \u202fkaasaegsed ja kergesti kohandatavad ruumid Otsid kaasaegset ja mugavalt ligip\u00e4\u00e4setavat kohta konverentsiks, seminariks v\u00f5i koolituseks? Tallinna kesklinnas, vaid m\u00f5neminutise jalutusk\u00e4igu kaugusel Kadriorust asub Ameti\u00fchingute Keskliidu konverentsikeskus, mis on ideaalne paik \u00fcrituste korraldamiseks.\u00a0Keskuses on suur, kohandatav konverentsisaal t\u00f5lkekabiini, garderoobi ja avara eesruumiga, mis sobib suurep\u00e4raselt kohvi- ja l\u00f5unapausideks. Ruumid on varustatud kvaliteetse [&hellip;]<\/p>\n","protected":false},"author":2,"featured_media":356,"parent":0,"menu_order":0,"comment_status":"closed","ping_status":"closed","template":"","meta":{"_acf_changed":false,"_breakdance_hide_in_design_set":false,"_breakdance_tags":"","footnotes":""},"class_list":["post-258","page","type-page","status-publish","has-post-thumbnail","hentry"],"acf":[],"_links":{"self":[{"href":"https:\/\/eakl.ee\/ru\/wp-json\/wp\/v2\/pages\/258","targetHints":{"allow":["GET"]}}],"collection":[{"href":"https:\/\/eakl.ee\/ru\/wp-json\/wp\/v2\/pages"}],"about":[{"href":"https:\/\/eakl.ee\/ru\/wp-json\/wp\/v2\/types\/page"}],"author":[{"embeddable":true,"href":"https:\/\/eakl.ee\/ru\/wp-json\/wp\/v2\/users\/2"}],"replies":[{"embeddable":true,"href":"https:\/\/eakl.ee\/ru\/wp-json\/wp\/v2\/comments?post=258"}],"version-history":[{"count":10,"href":"https:\/\/eakl.ee\/ru\/wp-json\/wp\/v2\/pages\/258\/revisions"}],"predecessor-version":[{"id":3277,"href":"https:\/\/eakl.ee\/ru\/wp-json\/wp\/v2\/pages\/258\/revisions\/3277"}],"wp:featuredmedia":[{"embeddable":true,"href":"https:\/\/eakl.ee\/ru\/wp-json\/wp\/v2\/media\/356"}],"wp:attachment":[{"href":"https:\/\/eakl.ee\/ru\/wp-json\/wp\/v2\/media?parent=258"}],"curies":[{"name":"wp","href":"https:\/\/api.w.org\/{rel}","templated":true}]}}

Конференц центр

<div class="bde-globalblock-258-100 bde-globalblock"><style>.breakdance .bde-section-159-100-159-1{background-image:url(https://eakl.ee/wp-content/uploads/2025/09/konverents.jpg)}.breakdance .bde-section-159-100-159-1>.section-background-overlay{background-color:#420513A1;transition:background-color var(--bde-transition-duration) ease-in-out}</style><section id="page-banner" class="bde-section-159-100-159-1 bde-section page-banner bde-section-159-100">
              
  
  
	

  <div class="section-background-overlay"></div>


<div class="section-container"><h2 class="bde-heading-159-103-159-1 bde-heading bde-heading-159-103">
Konverentsikeskus
</h2></div>
</section></div><section class="bde-section-258-101 bde-section">
  
  
	



<div class="section-container"><h4 class="bde-heading-258-102 bde-heading">
EAKLi konverentsikeskuses on  kaasaegsed ja kergesti kohandatavad ruumid
</h4><div class="bde-rich-text-258-116 bde-rich-text breakdance-rich-text-styles">
<p><span data-contrast="auto">Otsid kaasaegset ja mugavalt ligipääsetavat kohta konverentsiks, seminariks või koolituseks? Tallinna kesklinnas, vaid mõneminutise jalutuskäigu kaugusel Kadriorust asub Ametiühingute Keskliidu konverentsikeskus, mis on ideaalne paik ürituste korraldamiseks.</span><span data-ccp-props="{&quot;201341983&quot;:0,&quot;335551550&quot;:6,&quot;335551620&quot;:6,&quot;335559739&quot;:0,&quot;335559740&quot;:360}"> </span></p><p><span data-contrast="auto">Keskuses on suur, kohandatav konverentsisaal tõlkekabiini, garderoobi ja avara eesruumiga, mis sobib suurepäraselt kohvi- ja lõunapausideks. Ruumid on varustatud kvaliteetse helisüsteemi, projektori, suure ekraani (2,4 m) ja WiFi-ga.</span><span data-ccp-props="{&quot;201341983&quot;:0,&quot;335551550&quot;:6,&quot;335551620&quot;:6,&quot;335559739&quot;:0,&quot;335559740&quot;:360}"> </span></p><p><span data-contrast="auto">Konverentsikeskus asub Tallinnas, Laulupeo 24 ning on hästi ligipääsetav nii jalgsi, trammi kui bussiga. Maja ees on 15-kohaline tasuta parkla. </span><span data-ccp-props="{&quot;201341983&quot;:0,&quot;335551550&quot;:6,&quot;335551620&quot;:6,&quot;335559739&quot;:0,&quot;335559740&quot;:360}"> </span></p><p><b><span data-contrast="auto">Broneeri ruumid oma ürituseks juba täna:</span></b><span data-contrast="auto">  </span><a href="mailto:konverents@eakl.ee"><span data-contrast="auto">konverents@eakl.ee</span></a><span data-contrast="auto">  või +372 508 2821</span></p><h5> <br />Ametiühingute Keskliidu konverentsikeskuse rentimine </h5><p><strong>Suur saal</strong><span data-contrast="none">  </span><span data-contrast="auto">(80 m²) mahutab laudadega 60 ja toolidega 70 inimest. Helikindla voldikseinaga saab saali kaheks eraldi ruumiks jagada.  </span><span data-ccp-props="{&quot;201341983&quot;:0,&quot;335551550&quot;:6,&quot;335551620&quot;:6,&quot;335559739&quot;:0,&quot;335559740&quot;:360}"> </span></p><p><b><span data-contrast="auto">Maksumus </span></b><span data-contrast="auto"> (KM-ga) on ametiühingute liikmetele ja maja rentnikele 27, 94 eur tund või 173, 24 eur päev, mitteliikmetele 55, 89 eur tund või 340, 88 eur päev.</span><span data-ccp-props="{&quot;201341983&quot;:0,&quot;335551550&quot;:6,&quot;335551620&quot;:6,&quot;335559739&quot;:0,&quot;335559740&quot;:360}"> </span></p><p> </p><p><b><span data-contrast="none">Pool suurest saalist </span></b><span data-contrast="none"> </span><span data-contrast="auto">(40 m² ) mahutab laudadega 30 ja toolidega 35 inimest. </span><span data-ccp-props="{&quot;201341983&quot;:0,&quot;335551550&quot;:6,&quot;335551620&quot;:6,&quot;335559739&quot;:0,&quot;335559740&quot;:360}"> </span></p><p><b><span data-contrast="auto">Maksumus </span></b><span data-contrast="auto"> (KM-ga) on ametiühingute liikmetele ja maja rentnikele 15, 65 eur tund või 83, 82 eur päev, mitteliikmetele 35, 77 eur tund või 178, 82 eur päev.</span><span data-ccp-props="{&quot;201341983&quot;:0,&quot;335551550&quot;:6,&quot;335551620&quot;:6,&quot;335559739&quot;:0,&quot;335559740&quot;:360}"> </span></p><p> </p><p><b><span data-contrast="none">Renditingimused:</span></b><span data-ccp-props="{&quot;201341983&quot;:0,&quot;335551550&quot;:6,&quot;335551620&quot;:6,&quot;335559739&quot;:0,&quot;335559740&quot;:360}"> </span></p><ul><li aria-setsize="-1" data-leveltext="·" data-font="Aptos" data-listid="2" data-list-defn-props="{&quot;335551671&quot;:0,&quot;335552541&quot;:1,&quot;335559685&quot;:765,&quot;335559991&quot;:405,&quot;469769226&quot;:&quot;Aptos&quot;,&quot;469769242&quot;:[8226],&quot;469777803&quot;:&quot;left&quot;,&quot;469777804&quot;:&quot;·&quot;,&quot;469777815&quot;:&quot;hybridMultilevel&quot;}" data-aria-posinset="0" data-aria-level="1"><span data-contrast="auto">Garderoobi, eesruumi ja tõlkekabiini kasutamine on hinnas.</span><span data-ccp-props="{&quot;201341983&quot;:0,&quot;335551550&quot;:6,&quot;335551620&quot;:6,&quot;335559739&quot;:0,&quot;335559740&quot;:360}"> </span></li></ul><ul><li aria-setsize="-1" data-leveltext="·" data-font="Aptos" data-listid="2" data-list-defn-props="{&quot;335551671&quot;:0,&quot;335552541&quot;:1,&quot;335559685&quot;:765,&quot;335559991&quot;:405,&quot;469769226&quot;:&quot;Aptos&quot;,&quot;469769242&quot;:[8226],&quot;469777803&quot;:&quot;left&quot;,&quot;469777804&quot;:&quot;·&quot;,&quot;469777815&quot;:&quot;hybridMultilevel&quot;}" data-aria-posinset="1" data-aria-level="1"><span data-contrast="auto">Minimaalne broneeringu aeg on 2 tundi.</span><span data-ccp-props="{&quot;201341983&quot;:0,&quot;335551550&quot;:6,&quot;335551620&quot;:6,&quot;335559739&quot;:0,&quot;335559740&quot;:360}"> </span></li></ul><ul><li aria-setsize="-1" data-leveltext="·" data-font="Aptos" data-listid="2" data-list-defn-props="{&quot;335551671&quot;:0,&quot;335552541&quot;:1,&quot;335559685&quot;:765,&quot;335559991&quot;:405,&quot;469769226&quot;:&quot;Aptos&quot;,&quot;469769242&quot;:[8226],&quot;469777803&quot;:&quot;left&quot;,&quot;469777804&quot;:&quot;·&quot;,&quot;469777815&quot;:&quot;hybridMultilevel&quot;}" data-aria-posinset="2" data-aria-level="1"><span data-contrast="auto">Nädalavahetusel lisandub maksumusele 10%.</span><span data-ccp-props="{&quot;201341983&quot;:0,&quot;335551550&quot;:6,&quot;335551620&quot;:6,&quot;335559739&quot;:0,&quot;335559740&quot;:360}"> </span></li></ul><ul><li aria-setsize="-1" data-leveltext="·" data-font="Aptos" data-listid="2" data-list-defn-props="{&quot;335551671&quot;:0,&quot;335552541&quot;:1,&quot;335559685&quot;:765,&quot;335559991&quot;:405,&quot;469769226&quot;:&quot;Aptos&quot;,&quot;469769242&quot;:[8226],&quot;469777803&quot;:&quot;left&quot;,&quot;469777804&quot;:&quot;·&quot;,&quot;469777815&quot;:&quot;hybridMultilevel&quot;}" data-aria-posinset="3" data-aria-level="1"><span data-contrast="auto">Mitmepäevastele üritustele soodustust pole.</span><span data-ccp-props="{&quot;201341983&quot;:0,&quot;335551550&quot;:6,&quot;335551620&quot;:6,&quot;335559739&quot;:0,&quot;335559740&quot;:360}"> </span></li></ul><ul><li aria-setsize="-1" data-leveltext="·" data-font="Aptos" data-listid="2" data-list-defn-props="{&quot;335551671&quot;:0,&quot;335552541&quot;:1,&quot;335559685&quot;:765,&quot;335559991&quot;:405,&quot;469769226&quot;:&quot;Aptos&quot;,&quot;469769242&quot;:[8226],&quot;469777803&quot;:&quot;left&quot;,&quot;469777804&quot;:&quot;·&quot;,&quot;469777815&quot;:&quot;hybridMultilevel&quot;}" data-aria-posinset="4" data-aria-level="1"><span data-contrast="auto">Broneeringu tühistamine on tasuta.</span><span data-ccp-props="{&quot;201341983&quot;:0,&quot;335551550&quot;:6,&quot;335551620&quot;:6,&quot;335559739&quot;:0,&quot;335559740&quot;:360}"> </span></li></ul><p><span data-ccp-props="{&quot;201341983&quot;:0,&quot;335551550&quot;:6,&quot;335551620&quot;:6,&quot;335559739&quot;:0,&quot;335559740&quot;:360}"> </span></p><p><b><span data-contrast="auto">Broneeri ruumid oma ürituseks juba täna:</span></b><span data-contrast="auto">  </span><a href="mailto:konverents@eakl.ee"><span data-contrast="auto">konverents@eakl.ee</span></a><span data-contrast="auto">  või +372 508 2821</span></p>
</div></div>
</section>

<p>Konverentsikeskus EAKLi konverentsikeskuses on  kaasaegsed ja kergesti kohandatavad ruumid Otsid kaasaegset ja mugavalt ligipääsetavat kohta konverentsiks, seminariks või koolituseks? Tallinna kesklinnas, vaid mõneminutise jalutuskäigu kaugusel Kadriorust asub Ametiühingute Keskliidu konverentsikeskus, mis on ideaalne paik ürituste korraldamiseks. Keskuses on suur, kohandatav konverentsisaal tõlkekabiini, garderoobi ja avara eesruumiga, mis sobib suurepäraselt kohvi- ja lõunapausideks. Ruumid on varustatud kvaliteetse [&hellip;]</p>
